ase 2, what is 11010011101001001010111000 + 0?
11010011101001001010111000
In base 16, what is 1dd40c - -107?
1dd513
In base 5, what is 2410001210 - -214?
2410001424
In base 4, what is -23 + -3201020320?
-3201021003
In base 3, what is -20002221211012200 - 10?
-20002221211012210
In base 8, what is 134 + -35231?
-35075
In base 14, what is -647 - -a1b1d?
a14b6
In base 11, what is -47 + 6223a?
621a3
In base 7, what is -1025051 - 0?
-1025051
In base 16, what is -7586 - 2c53?
-a1d9
In base 3, what is 10112 - 10001210001?
-10001122112
In base 8, what is -23 - -10644420?
10644375
In base 13, what is -72c - -4593c?
45210
In base 2, what is -11101 + 101011111010011001?
101011111001111100
In base 14, what is -3 - -21970c6?
21970c3
In base 6, what is 1135 + 250212?
251351
In base 13, what is -3473 - -52b?
-2c45
In base 14, what is 1155932 + 33?
1155965
In base 15, what is 108955 - 16?
10893e
In base 3, what is -20211 + -1011100002110?
-1011100100021
In base 14, what is 107a1d14 + 0?
107a1d14
In base 13, what is -201 + a67?
866
In base 8, what is -132233101 + -1?
-132233102
In base 15, what is -14 + 4861b8?
4861a4
In base 14, what is 3 + 1d1887?
1d188a
In base 14, what is 2a645c - 13b?
2a6321
In base 6, what is 23352542004 - -2?
23352542010
In base 6, what is 0 - -13455500032?
13455500032
In base 11, what is -21 - -21a2a61?
21a2a40
In base 14, what is 16516 + 130?
16646
In base 12, what is -506b84 + -8?
-506b90
In base 12, what is 3079 + 82b0?
b369
In base 3, what is 222200202021 + -200?
222200201121
In base 13, what is 150880 + -17?
150866
In base 11, what is -5 - -2107715?
2107710
In base 5, what is -13043022 + 41323?
-13001144
In base 9, what is -34 + -1071138?
-1071173
In base 10, what is -1970 - 50?
-2020
In base 3, what is 2012121000101 - 22120?
2012120200211
In base 14, what is 3 + -2847925?
-2847922
In base 3, what is 1202112122102002 - 0?
1202112122102002
In base 11, what is -51 - 60864?
-60905
In base 4, what is 1001211 - 1221233?
-220022
In base 6, what is 3132 - 454454?
-451322
In base 13, what is -2 - 285cb0?
-285cb2
In base 10, what is 976 - -37707?
38683
In base 12, what is 4432a991 + -3?
4432a98a
In base 11, what is 18 + 56a515a?
56a5177
In base 16, what is -51f6 - -b57?
-469f
In base 3, what is -1121000212102 - -212?
-1121000211120
In base 6, what is 5055 + -1352024?
-1342525
In base 6, what is 241 - -10142044?
10142325
In base 10, what is 161010 + 86?
161096
In base 10, what is -1744264 + 6?
-1744258
In base 7, what is -213 - -4125335?
4125122
In base 8, what is 4346 - -440234?
444602
In base 6, what is 20303443 + 1014?
20304501
In base 9, what is -37 + 33242356?
33242318
In base 13, what is -1c370 - 6915?
-25c85
In base 14, what is -312 - 14c1d?
-15131
In base 13, what is -42 + -264882?
-2648c4
In base 5, what is -4043244443 - 13?
-4043300011
In base 2, what is -100001 + -10011011101011100?
-10011011101111101
In base 2, what is 101010011 + -10011100101000011001?
-10011100100011000110
In base 13, what is -32 + -a1ac2?
-a1b24
In base 5, what is -301 + 34111231?
34110430
In base 8, what is -1065505 + -112?
-1065617
In base 2, what is 1001011010001110011 + 1111001110?
1001011100001000001
In base 13, what is -315858 + -3b?
-315896
In base 15, what is 1 + -67e401?
-67e400
In base 12, what is -80777 + 4a7?
-80290
In base 14, what is 11b1 - -2dc4?
4195
In base 16, what is -16e40d + 14?
-16e3f9
In base 4, what is -33333 + -10323120?
-11023113
In base 13, what is 9b6a - 1532b?
-8491
In base 2, what is -1000011010010 + -11101011001001?
-100101110011011
In base 13, what is 552 - b6c?
-61a
In base 11, what is 1 - -8259a10?
8259a11
In base 8, what is -5517001 - -316?
-5516463
In base 6, what is 2142430 + 1105?
2143535
In base 8, what is 1106344051 - -1?
1106344052
In base 3, what is 1100100 + 1112000112?
1120100212
In base 9, what is 1328055 - -2?
1328057
In base 14, what is c7c24 + -1a?
c7c08
In base 15, what is -1633 + 336?
-12ec
In base 10, what is -30041911 - 5?
-30041916
In base 14, what is -37 + -14b5d51?
-14b5d88
In base 9, what is 6224 - 332?
5782
In base 4, what is -3 + -300132133123?
-300132133132
In base 7, what is -2 + 451456616?
451456614
In base 9, what is -4836623 - 2?
-4836625
In base 8, what is 2250 + -105616?
-103346
In base 16, what is bb74d - -4f?
bb79c
In base 3, what is -10111210202 + 20002?
-10111120200
In base 10, what is 11822 - -2964?
14786
In base 11, what is 0 - -37a9041?
37a9041
In base 7, what is -31260050 - 244?
-31260324
In base 4, what is -203321120 + -3231?
-203331011
In base 4, what is 3203221020 - 302?
3203220112
In base 7, what is -1542 - 204?
-2046
In base 8, what is -67 - -11230447?
11230360
In base 14, what is 328918 - 5?
328913
In base 9, what is -414586645 - -2?
-414586643
In base 16, what is -9cf54a3 - -5?
-9cf549e
In base 3, what is -21222022011 + 11122?
-21222010112
In base 7, what is 10 + -45530602?
-45530562
In base 14, what is 55 - -668ac1?
668b36
In base 8, what is -205700 + 22543?
-163135
In base 5, what is 40300224143 + -3?
40300224140
In base 9, what is -22044 + -37?
-22082
In base 14, what is -a7 + -32437?
-32500
In base 12, what is -207aa4 - -ba?
-2079a6
In base 3, what is 20120210101122002 + -12?
20120210101121220
In base 8, what is -135 - 14134140?
-14134275
In base 16, what is 135bb + c74?
1422f
In base 8, what is 0 - -5055530?
5055530
In base 15, what is -1 - a0aaaa?
-a0aaab
In base 16, what is 14f2b - -340c?
18337
In base 3, what is 22022 + -111201010?
-111101211
In base 12, what is -39a8301 + -1?
-39a8302
In base 10, what is -17 - 132718?
-132735
In base 9, what is 145171586 - 8?
145171577
In base 9, what is -32344832 - 2?
-32344834
In base 14, what is -2ca1 - 6776?
-9637
In base 7, what is 1501552 + -4554?
1463665
In base 14, what is 1bd - 54d05b?
-54cc7c
In base 9, what is 4 + 7672364?
7672368
In base 9, what is 2 - 6675006?
-6675004
In base 2, what is -100110011000101110111 + 10?
-100110011000101110101
In base 14, what is -1688a318 + -4?
-1688a31c
In base 10, what is 141 + -57819?
-57678
In base 12, what is -101b1946 - -2?
-101b1944
In base 3, what is 221210 + -112211121222?
-112210200012
In base 15, what is -b73bc + -4?
-b73c1
In base 5, what is -2243041030 - -21?
-2243041004
In base 9, what is -583467 + -723?
-584301
In base 3, what is -220210122 - -21001020?
-122202102
In base 15, what is 13 + -139eb33?
-139eb20
In base 7, what is 1042115050 + -3?
1042115044
In base 4, what is -221101321302 - 120?
-221101322022
In base 3, what is -121012100202 - -1120?
-121012022012
In base 4, what is -202313133022 - -3?
-202313133013
In base 9, what is 216467 + -45?
216422
In base 8, what is -45 - -20311025?
20310760
In base 10, what is 373033 - -725?
373758
In base 10, what is -16 - -3043418?
3043402
In base 14, what is 5 + a6b944?
a6b949
In base 11, what is -46690 + -4311?
-4a9a1
In base 9, what is 3 - -3104785?
3104788
In base 11, what is 29a + -61702?
-61413
In base 11, what is -16415813 + 3?
-16415810
In base 8, what is -1 - 317366654?
-317366655
In base 12, what is 1 + -22a19b?
-22a19a
In base 6, what is 220 + -534455?
-534235
In base 13, what is -2ba + -574444?
-574731
In base 11, what is -24 - -56a292?
56a269
In base 4, what is 10220302220 + 0?
10220302220
In base 16, what is 36f - 3cd?
-5e
In base 8, what is 2561034501 - 4?
2561034475
In base 11, what is 323862549 + 3?
323862551
In base 7, what is 1444406 + -501?
1443605
In base 10, what is 111323 - 97?
111226
In base 8, what is 364137 - 162?
363755
In base 7, what is 634 + -643316?
-642352
In base 10, what is 2 + -238870?
-238868
In base 9, what is 41 - 8812458?
-8812417
In base 5, what is -4114 + 44331302?
44322133
In base 4, what is -101120311 - -112322?
-101001323
In base 11, what is 363 - 288315?
-287a62
In base 2, what is 10110 + 1101101000011000111?
1101101000011011101
In base 5, what is -2 + 3002322311?
3002322304
In base 10, what is -3 - -1513293?
1513290
In base 10, what is 3041850 + -13?
3041837
In base 16, what is -1294f + -75?
-129c4
In base 3, what is 12 - 1122212021102001?
-1122212021101212
In base 15, what is -45e03 + 4ea?
-45908
In base 7, what is 242 - 3103635?
-3103363
In base 7, what is 2333441 + -55?
2333353
In base 12, what is 70601aa0 + 0?
70601aa0
In base 12, what is -12a5 + -2a03?
-40a8
In base 3, what is -2210212 